t the prime factors of l.
2, 19, 31
Suppose -3*w + 283 = -131. Suppose r - 2*l - 2*l = w, r - 123 = l. What are the prime factors of r?
2, 59
Let a = 2459 - 1394. List the prime factors of a.
3, 5, 71
Suppose 11*k - 60 = 5*k. What are the prime factors of 6188/104*(1 - k/(-14))?
2, 3, 17
Suppose 4*b - 4*q = 492, 2*b + 2*b + 4*q = 452. Let c = -79 + b. List the prime factors of c.
3, 13
Suppose 2*s + 0*s + 248 = -4*p, 0 = -2*s. Let a = 3 - p. List the prime factors of a.
5, 13
Let p(l) = 85*l**3 + l**2 - 2*l + 1. Let d be p(1). Let c = -34 - 18. Let o = d + c. List the prime factors of o.
3, 11
Suppose 0 = -57*u - 8*u + 158080. What are the prime factors of u?
2, 19
Suppose 199 = h + 4*c - 63, -4*h + 5*c = -1111. List the prime factors of h.
2, 137
Suppose -w = -2*u + 5, 2*u - 3*u + 4*w = -6. Suppose 5*i - 18 = u. List the prime factors of i.
2
Let o = 17 - -2. Suppose -3*v + 145 = o. What are the prime factors of v?
2, 3, 7
Let l(h) = h**2 + 268*h + 4 + h**2 - 267*h. What are the prime factors of l(-9)?
157
Let x(s) = s**2 + 9*s + 15. Let h be x(-9). Let m(i) = 15*i - 28. List the prime factors of m(h).
197
Let q = -24 + 8. Let a(b) = -11*b + b**3 + 6*b + 15*b**2 - 8 - 5*b - 7*b. What are the prime factors of a(q)?
2
Let v(k) = -k - 15. Let z be v(-16). List the prime factors of 132 - (-2 + 2) - (-1 - z).
2, 67
Suppose -2*d + 2*p + 1 = -5*d, -4*p = 4*d - 4. Let j(t) = -7*t + 3. Let m be j(d). Suppose -7*g = -5*g - m. What are the prime factors of g?
2, 3
Let k = -334 + 690. List the prime factors of k.
2, 89
Let c(k) = k**3 + 8*k**2 - 12*k - 1. Suppose i = -w + 2, 0 = -5*i + 4*w + 74 - 19. Let h = i - 16. What are the prime factors of c(h)?
2, 13
Suppose -2*j = j - 141. Let c(a) = -7*a + 21. Let d be c(-10). Suppose -5*b - j = -x - 0*x, 3*x = 5*b + d. List the prime factors of x.
2, 11
Let c(h) = -5*h - 12. Let s be c(-8). Suppose -5*y + 2*l + 418 = 0, y - 58 - s = -2*l. What are the prime factors of y?
2, 3, 7
Let f = 7 - 5. Suppose -f*b - b = 2*r - 33, -4*r + 2*b + 26 = 0. What are the prime factors of r?
3
Let w be 3/(-15) - (5 + 555/(-25)). Suppose o = -3*p + 24, -4*p = -3 - w. What are the prime factors of o?
3
Let q be 25*1 + (17 - 15). Let x = q + -19. List the prime factors of x.
2
List the prime factors of 7460/105*6 + (-4)/14.
2, 3, 71
Suppose -o - 26*d + 3313 = -22*d, 0 = -3*d + 15. List the prime factors of o.
37, 89
Let p(q) = 350*q + 127. List the prime factors of p(5).
1877
Suppose 3*a = -a - t + 1, t = 4*a - 7. List the prime factors of (a/(-2))/(2/(-28)).
7
Let s be 2/3*(-1542)/4. Let d = s - -464. List the prime factors of d.
3, 23
Suppose -286 - 3773 = -11*q. List the prime factors of q.
3, 41
Suppose -5*r = -g - 6355, -5*r - g + 8621 = 2256. List the prime factors of r.
2, 3, 53
Let s = -505 + 1361. List the prime factors of s.
2, 107
Suppose 4*m - 3*p = -159, 8 = 2*m + 3*p + 65. Let k = m - -119. What are the prime factors of k?
83
Suppose -11 + 1 = -5*i. Let q(k) = 34*k - 2. What are the prime factors of q(i)?
2, 3, 11
Let d be (2 + -7 + 4)*43. Let r = 101 + d. List the prime factors of r.
2, 29
Suppose 0 = 3*l - 1061 - 1936. List the prime factors of l.
3, 37
Let x = -81 + 86. Suppose -70 = -x*h - 10. What are the prime factors of h?
2, 3
Let l(p) = -p**3 + 7*p**2 - 9*p - 3. Let a be l(5). Suppose 0 = a*x - 12 - 64. What are the prime factors of x?
2, 19
Suppose 0 = 4*r - 151 + 191. Suppose -41 = -t + 349. List the prime factors of t/9*(-12)/r.
2, 13
Let n(i) = -4*i - 26. Let l be n(-9). List the prime factors of (191/5)/(0 - (-2)/l).
191
Let l(x) = -x**3 - 11*x**2 - 12*x + 2. Let y be l(-10). Let m = y - -4. What are the prime factors of m?
2, 13
What are the prime factors of ((-74)/(-111))/((-2)/(-492))?
2, 41
Suppose -2*x + 38 + 96 = 0. Suppose -3*w + 8*v = 3*v - 179, 0 = -w - 2*v + x. Suppose -5*z = -2*z - w. List the prime factors of z.
3, 7
Let g(a) = -176*a - 146. List the prime factors of g(-3).
2, 191
Let k(c) = 2*c**3 - 504 + 504 - 2*c - 2*c**2. Let s be k(2). Suppose s*u - 5*h = 133, -u = 4*u + h - 159. List the prime factors of u.
2
Let a be ((-6)/(-5))/((-36)/(-120)). Suppose -a*v + 16 = -2*v. Suppose 11*s - v*s - 84 = 0. List the prime factors of s.
2, 7
Suppose -4 + 13 = -3*m. Let i = m + 6. Suppose 0*t - 51 = -i*t. List the prime factors of t.
17
Suppose 0 = 11*y + 7*y - 19638. List the prime factors of y.
1091
Suppose -3*o - o + 5*c = 8, 2*c - 17 = -3*o. Let w be -20 + 8 + 4 + 95. Suppose 0 = -2*i + 4*s + 36, -o*i - s + w = -2. What are the prime factors of i?
2, 7
Let f(o) = 5*o**3 - 2*o**2 - 6*o. Let r(t) = -11*t**3 + 5*t**2 + 13*t. Let v(h) = 7*f(h) + 3*r(h). What are the prime factors of v(3)?
2, 3
What are the prime factors of (-12 - 217)*(2 - 4)?
2, 229
Let c be 25/(0 + -1) + (-42)/(-14). List the prime factors of (7/((-14)/(-11)))/((-1)/c).
11
Let l = -4384 - -8310. List the prime factors of l.
2, 13, 151
Suppose 3*v - 184 = -4*i - 0*v, 3*i + 5*v = 127. Let a be (327 - 7)/(-8)*2/(-5). Let d = i - a. List the prime factors of d.
3, 11
Let u(y) = 10*y**3 - 4*y**2 - 17*y + 6. List the prime factors of u(7).
3121
Let b be (-2 - -1)/(2/(-8)). Let f = -49 - -73. Suppose -5*c - j + 77 = 0, -4*c - b*j = -f - 28. What are the prime factors of c?
2
Let x(p) = p + 1. Let t(b) = 37*b - 2. Let o(k) = t(k) + 4*x(k). Let u be o(-1). Let f = 61 + u. List the prime factors of f.
2, 11
Let g = 554 - -164. List the prime factors of g.
2, 359
What are the prime factors of -7*(5 - (-2905)/(-49))?
2, 5, 19
Let f(s) = -6*s - 9. Let b be f(-11). Suppose b*r - 492 = 53*r. What are the prime factors of r?
3, 41
Suppose 2*f + 112 = q, 5*q + 3*f - 662 + 115 = 0. What are the prime factors of q?
2, 5, 11
Let i = -12 + 18. Suppose 0 = -i*l + 49 + 323. What are the prime factors of l?
2, 31
Let y = 494 - -335. What are the prime factors of y?
829
Let v(x) = x**3 - 3*x**2 - 2*x + 3. Let l be v(4). Suppose l*i = 7*i + 216. List the prime factors of i.
2, 3
Let q be (-60)/12*2*3. Let x be ((-6)/(-10))/((-6)/q). Suppose -5*p - 4*t = -120, 5*p + x*t = 88 + 32. What are the prime factors of p?
2, 3
Suppose -2*b - 31 = -27. List the prime factors of 53/2 - 1/b.
3
Let o be (120/(-14))/((-8)/28). Let n = 26 + o. List the prime factors of n.
2, 7
Let x(i) = -26*i. Let n be x(-2). Let m = n + 33. What are the prime factors of m?
5, 17
Suppose 5960 = 14*w + 878. List the prime factors of w.
3, 11
Suppose 3*p - 21 = 2*o, -5*p + 2 = -o - 19. Let x(t) be the third derivative of -t**4/6 - 5*t**3/6 + 21*t**2. What are the prime factors of x(o)?
19
Suppose 5*y - 2*y + 3 = 0, 0 = 2*g - y - 11. Suppose 309 + 46 = g*s. What are the prime factors of s?
71
Suppose -7*f + 2*f = 2*u - 54, 5*u + 75 = 5*f. Let s be 32/24*3/2. Suppose 33 = s*n + b, -4*b + f = n - 2*b. What are the prime factors of n?
2, 3
Suppose -201 = -3*d + 4*t, -3*d + t = -7*d + 268. What are the prime factors of d?
67
Let r be 9/2*(-32)/3. Suppose -2*c - 4*a = a + 128, -2*c - 136 = a. Let t = r - c. What are the prime factors of t?
3, 7
Let b(n) = -n**2 + 11*n - 19. Let p be b(9). Let c be p/(4/(-424)*2). Suppose 0 = -2*f - 3*m + c, 3*f + 2*m - 94 = -f. What are the prime factors of f?
2, 11
Let v(h) = 5*h - 12. Let f be v(20). Let i = 270 - f. What are the prime factors of i?
2, 7, 13
What are the prime factors of ((-10 - -10) + -7618*1)/(-2)?
13, 293
Suppose 5*h = -2*k - 33 + 1, -4*h - 5*k - 12 = 0. Let c = h + 56. What are the prime factors of c?
2, 3
Suppose 11*z = 7*z - 12. Let c(n) = 5*n - 9. Let l(u) = -14*u + 28. Let q(w) = z*l(w) - 10*c(w). List the prime factors of q(-3).
2, 3, 5
Suppose 0 = 5*w + 3*g - 1899, 0 = -3*w - 2*g + 3*g + 1131. List the prime factors of w.
2, 3, 7
Suppose -8*x - 258 = -7*x. Let b = -143 - x. List the prime factors of b.
5, 23
Let q(r) = -r**2 + 6*r + 3. Let v be q(6). Let n be (5 - 0)*(-1)/(-1). Suppose -n*l - v*j + 41 = 0, 2*j = -3*l + 35 - 10. What are the prime factors of l?
7
Suppose 0 = -5*w - 46*m + 44*m + 16998, 4*w + 3*m = 13597. List the prime factors of w.
2, 5, 17
Let s(m) = -m**2 + 38*m + 16. List the prime factors of s(8).
2
Suppose -41 = 5*i - 51. List the prime factors of -1 - -27 - (i - -1).
23
Let b = -387 - -619. Suppose -4*c + 0*c + b = 0. List the prime factors of c.
2, 29
Suppose 2752 = 5*j - 4*r, 2*j + 0*r = -r + 1093. L